hat is the hundred thousands digit of 300868?
3
What is the ten millions digit of 12486960?
1
What is the ten thousands digit of 10939743?
3
What is the hundred thousands digit of 22174340?
1
What is the tens digit of 348920?
2
What is the hundreds digit of 1503528?
5
What is the thousands digit of 398585?
8
What is the ten thousands digit of 2161213?
6
What is the thousands digit of 821506?
1
What is the hundred thousands digit of 389270?
3
What is the thousands digit of 588117?
8
What is the units digit of 3503269?
9
What is the millions digit of 8563282?
8
What is the millions digit of 1880718?
1
What is the hundreds digit of 5006211?
2
What is the ten thousands digit of 553822?
5
What is the hundred thousands digit of 305521?
3
What is the tens digit of 13520267?
6
What is the ten thousands digit of 222433?
2
What is the hundreds digit of 63723?
7
What is the hundred thousands digit of 270892?
2
What is the ten thousands digit of 275456?
7
What is the ten thousands digit of 2858300?
5
What is the tens digit of 177898?
9
What is the hundreds digit of 532209?
2
What is the hundred thousands digit of 390236?
3
What is the tens digit of 1367184?
8
What is the units digit of 19840022?
2
What is the tens digit of 10919026?
2
What is the tens digit of 10779?
7
What is the millions digit of 1606028?
1
What is the units digit of 2986987?
7
What is the units digit of 69248?
8
What is the tens digit of 704375?
7
What is the thousands digit of 137928?
7
What is the millions digit of 17692862?
7
What is the tens digit of 789037?
3
What is the units digit of 116388?
8
What is the units digit of 140932?
2
What is the ten thousands digit of 561001?
6
What is the units digit of 113128?
8
What is the thousands digit of 13035965?
5
What is the thousands digit of 1689?
1
What is the units digit of 39708950?
0
What is the ten thousands digit of 29132?
2
What is the hundred thousands digit of 2000500?
0
What is the tens digit of 1256483?
8
What is the hundreds digit of 14670623?
6
What is the hundreds digit of 84712?
7
What is the ten thousands digit of 2231833?
3
What is the tens digit of 6396252?
5
What is the hundred thousands digit of 9317984?
3
What is the hundreds digit of 8405673?
6
What is the hundreds digit of 8440850?
8
What is the units digit of 2904060?
0
What is the millions digit of 4446161?
4
What is the hundreds digit of 359359?
3
What is the hundreds digit of 3160710?
7
What is the hundreds digit of 1306951?
9
What is the millions digit of 3014523?
3
What is the units digit of 6179922?
2
What is the thousands digit of 114768?
4
What is the thousands digit of 113165?
3
What is the units digit of 6153916?
6
What is the units digit of 7486971?
1
What is the hundred thousands digit of 165488?
1
What is the hundred thousands digit of 482939?
4
What is the hundred thousands digit of 262929?
2
What is the hundreds digit of 6407044?
0
What is the tens digit of 114005?
0
What is the hundreds digit of 3484533?
5
What is the ten thousands digit of 345867?
4
What is the hundred thousands digit of 1112623?
1
What is the tens digit of 1038?
3
What is the units digit of 172768?
8
What is the tens digit of 3298316?
1
What is the units digit of 1856186?
6
What is the tens digit of 531411?
1
What is the millions digit of 6100809?
6
What is the hundreds digit of 807587?
5
What is the millions digit of 27475765?
7
What is the ten thousands digit of 998202?
9
What is the thousands digit of 23115787?
5
What is the thousands digit of 10906541?
6
What is the tens digit of 3939799?
9
What is the hundreds digit of 607510?
5
What is the hundreds digit of 10963300?
3
What is the units digit of 12565204?
4
What is the units digit of 196991?
1
What is the thousands digit of 2880691?
0
What is the tens digit of 15300623?
2
What is the hundred thousands digit of 490888?
4
What is the millions digit of 16317002?
6
What is the tens digit of 1830524?
2
What is the millions digit of 1443205?
1
What is the millions digit of 3984825?
3
What is the tens digit of 709320?
2
What is the thousands digit of 8332670?
2
What is the units digit of 22430?
0
What is the thousands digit of 341494?
1
What is the hundred thousands digit of 4383139?
3
What is the hundred thousands digit of 4765785?
7
What is the ten thousands digit of 674826?
7
What is the ten thousands digit of 148793?
4
What is the millions digit of 16799977?
6
What is the millions digit of 8820227?
8
What is the hundreds digit of 3277139?
1
What is the tens digit of 777904?
0
What is the millions digit of 4335009?
4
What is the hundreds digit of 9268685?
6
What is the ten thousands digit of 1136754?
3
What is the ten thousands digit of 1140061?
4
What is the units digit of 1228603?
3
What is the hundreds digit of 432178?
1
What is the units digit of 5723048?
8
What is the tens digit of 3804265?
6
What is the hundred thousands digit of 2484940?
4
What is the thousands digit of 11174522?
4
What is the units digit of 1137771?
1
What is the hundred thousands digit of 3973565?
9
What is the units digit of 213643?
3
What is the units digit of 947259?
9
What is the hundred thousands digit of 7105183?
1
What is the tens digit of 2421571?
7
What is the hundred thousands digit of 2973167?
9
What is the ten thousands digit of 466024?
6
What is the tens digit of 114195?
9
What is the units digit of 7681601?
1
What is the ten millions digit of 10191408?
1
What is the hundred thousands digit of 415862?
4
What is the thousands digit of 257964?
7
What is the tens digit of 277508?
0
What is the thousands digit of 16283687?
3
What is the units digit of 32015879?
9
What is the hundreds digit of 353202?
2
What is the ten thousands digit of 210547?
1
What is the hundred thousands digit of 1897561?
8
What is the ten millions digit of 37413479?
3
What is the hundred thousands digit of 453054?
4
What is the thousands digit of 5762581?
2
What is the tens digit of 684109?
0
What is the millions digit of 2017927?
2
What is the ten thousands digit of 426586?
2
What is the tens digit of 505308?
0
What is the ten millions digit of 20567070?
2
What is the ten thousands digit of 5517565?
1
What is the units digit of 219195?
5
What is the ten thousands digit of 12278272?
7
What is the tens digit of 1202963?
6
What is the tens digit of 4511770?
7
What is the thousands digit of 37726?
7
What is the tens digit of 1409560?
6
What is the hundreds digit of 1082258?
2
What is the thousands digit of 8240969?
0
What is the thousands digit of 25356617?
6
What is the units digit of 2227358?
8
What is the units digit of 913632?
2
What is the ten thousands digit of 351388?
5
What is the tens digit of 1833361?
6
What is the hundreds digit of 147592?
5
What is the units digit of 3459934?
4
What is the tens digit of 542991?
9
What is the hundred thousands digit of 925523?
9
What is the units digit of 2387176?
6
What is the thousands digit of 1404256?
4
What is the hundred thousands digit of 571512?
5
What is the millions digit of 3987023?
3
What is the tens digit of 60693?
9
What is the units digit of 4140769?
9
What is the hundreds digit of 9805988?
9
What is the hundreds digit of 2346430?
4
What is the ten thousands digit of 635437?
3
What is the tens digit of 497577?
7
What is the ten thousands digit of 714385?
1
What is the thousands digit of 6220037?
0
What is the hundreds digit of 487729?
7
What is the hundreds digit of 4642902?
9
What is the tens digit of 3051344?
4
What is the ten thousands digit of 20451?
2
What is the ten thousands digit of 184628?
8
What is the units digit of 35287?
7
What is the tens digit of 234277?
7
What is the tens digit of 85790?
9
What is the tens digit of 354706?
0
What is the hundreds digit of 13099172?
1
What is the millions digit of 3280357?
3
What is the tens digit of 105429?
2
What is the hundred thousands digit of 1078576?
0
What is the ten thousands digit of 189878?
8
What is the millions digit of 1636907?
1
What is the hundreds digit of 856982?
9
What is the thousands digit of 416105?
6
What is the thousands digit of 89452?
9
What is the hundred thousands digit of 1101936?
1
What is the hundreds digit of 33765?
7
What is the hundred thousands digit of 4967738?
9
What is the hundreds digit of 1872495?
4
What is the thousands di